13, 211, 2083
What are the prime factors of 2983701903?
3, 7, 13, 101, 108211
What are the prime factors of 2930199641?
67, 43734323
List the prime factors of 374162888.
2, 11, 113, 191, 197
What are the prime factors of 83171613?
3, 7, 193, 20521
List the prime factors of 37658143.
53, 710531
What are the prime factors of 220536446?
2, 13, 1567, 5413
List the prime factors of 288144954.
2, 3, 1627, 9839
List the prime factors of 202319138.
2, 7, 29, 257, 277
List the prime factors of 595618545.
3, 5, 17, 47, 49697
What are the prime factors of 281845864?
2, 23, 61, 25111
What are the prime factors of 81148122?
2, 3, 11, 67, 2039
List the prime factors of 63892831.
63892831
What are the prime factors of 620552413?
13, 47734801
List the prime factors of 1643466430.
2, 5, 164346643
List the prime factors of 69708502.
2, 34854251
List the prime factors of 70413379.
47, 167, 8971
What are the prime factors of 37916379?
3, 31, 37, 3673
List the prime factors of 54748081.
5387, 10163
List the prime factors of 24443138.
2, 89, 137321
What are the prime factors of 24718335?
3, 5, 19, 43, 2017
List the prime factors of 146638275.
3, 5, 7, 279311
List the prime factors of 7654301.
17, 37, 43, 283
List the prime factors of 900540053.
7, 113, 1138483
What are the prime factors of 191442500?
2, 5, 73, 1049
What are the prime factors of 4464612226?
2, 2232306113
What are the prime factors of 330404007?
3, 263, 418763
List the prime factors of 298052828.
2, 74513207
List the prime factors of 76421558.
2, 1427, 26777
What are the prime factors of 12536770?
2, 5, 19, 65983
What are the prime factors of 274005516?
2, 3, 601, 37993
What are the prime factors of 1784227276?
2, 13, 34312063
What are the prime factors of 638974972?
2, 159743743
List the prime factors of 10047705.
3, 5, 669847
What are the prime factors of 88879070?
2, 5, 7, 167, 7603
What are the prime factors of 61302638?
2, 83, 369293
What are the prime factors of 1060930459?
167, 6352877
What are the prime factors of 48599885?
5, 9719977
List the prime factors of 10871418.
2, 3, 1811903
What are the prime factors of 64424202?
2, 3, 41, 261887
List the prime factors of 736834699.
736834699
What are the prime factors of 226523354?
2, 2851, 39727
List the prime factors of 78448985.
5, 43, 364879
List the prime factors of 2091117941.
11, 19, 10005349
List the prime factors of 116470373.
116470373
What are the prime factors of 2024795216?
2, 5471, 23131
List the prime factors of 2035428384.
2, 3, 11, 157, 12277
What are the prime factors of 144466789?
31, 4660219
What are the prime factors of 136704890?
2, 5, 7, 89, 21943
What are the prime factors of 131373185?
5, 26274637
What are the prime factors of 158565212?
2, 13, 3049331
What are the prime factors of 48800925?
3, 5, 89, 2437
List the prime factors of 137512433.
137512433
What are the prime factors of 335849793?
3, 97, 1154123
What are the prime factors of 318741215?
5, 13, 307, 15973
What are the prime factors of 2492279200?
2, 5, 97, 32117
List the prime factors of 93740111.
23, 4075657
What are the prime factors of 126090973?
19, 701, 9467
What are the prime factors of 3244024514?
2, 2281, 711097
What are the prime factors of 4757958?
2, 3, 264331
What are the prime factors of 803281934?
2, 7, 13, 4413637
List the prime factors of 796008922.
2, 293, 1358377
List the prime factors of 19555996.
2, 4888999
What are the prime factors of 2520230348?
2, 17, 53, 699287
What are the prime factors of 1314865373?
47, 3701, 7559
List the prime factors of 1976967997.
1976967997
List the prime factors of 941585438.
2, 67, 1039, 6763
What are the prime factors of 1002453468?
2, 3, 107, 857, 911
List the prime factors of 20840636.
2, 83, 62773
What are the prime factors of 73532916?
2, 3, 2042581
List the prime factors of 960592664.
2, 89, 1349147
What are the prime factors of 4909036825?
5, 7, 11, 101, 3607
What are the prime factors of 112741256?
2, 557, 25301
List the prime factors of 41476321.
1531, 27091
What are the prime factors of 59581467?
3, 11, 83, 2417
What are the prime factors of 4098550985?
5, 127, 6454411
What are the prime factors of 50246383?
11, 307, 14879
List the prime factors of 128120005.
5, 13, 23, 43, 1993
What are the prime factors of 254452635?
3, 5, 5654503
What are the prime factors of 309623?
309623
List the prime factors of 723664023.
3, 2053, 117497
List the prime factors of 889535578.
2, 19, 23408831
List the prime factors of 349238366.
2, 5351, 32633
What are the prime factors of 1012939517?
1012939517
List the prime factors of 70438263.
3, 7, 19, 176537
What are the prime factors of 53203153?
53203153
What are the prime factors of 85787981?
85787981
What are the prime factors of 518766227?
7, 74109461
List the prime factors of 73562859.
3, 17, 480803
What are the prime factors of 1158488721?
3, 13, 9901613
List the prime factors of 107723079.
3, 1229, 9739
What are the prime factors of 50555437?
50555437
What are the prime factors of 23689079?
71, 109, 3061
What are the prime factors of 197901425?
5, 7916057
List the prime factors of 2173131492.
2, 3, 7, 103, 251171
List the prime factors of 191565378.
2, 3, 3547507
List the prime factors of 751715208.
2, 3, 3480163
What are the prime factors of 2099364676?
2, 524841169
What are the prime factors of 318145447?
15889, 20023
What are the prime factors of 1698120168?
2, 3, 79, 895633
List the prime factors of 722282169.
3, 7, 19, 1013, 1787
What are the prime factors of 74494627?
53, 239, 5881
What are the prime factors of 35563697?
13, 37, 107, 691
What are the prime factors of 1303881353?
1303881353
What are the prime factors of 1110545024?
2, 29, 41, 7297
List the prime factors of 2890037094.
2, 3, 7, 17, 67, 60413
What are the prime factors of 30640815?
3, 5, 263, 863
List the prime factors of 52111375.
5, 17, 137, 179
List the prime factors of 119071854.
2, 3, 11, 29, 89, 233
List the prime factors of 1068534048.
2, 3, 17, 654739
What are the prime factors of 127231906?
2, 23, 53, 2269
What are the prime factors of 14495804?
2, 3623951
List the prime factors of 152493969.
3, 50831323
What are the prime factors of 399609617?
11, 36328147
What are the prime factors of 178709332?
2, 157, 383, 743
List the prime factors of 194741027.
13, 37, 53, 7639
What are the prime factors of 12541838?
2, 73, 85903
What are the prime factors of 59950771?
59950771
List the prime factors of 5310090459.
3, 149, 1319933
What are the prime factors of 23392630?
2, 5, 2339263
What are the prime factors of 7629286?
2, 7, 31, 17579
What are the prime factors of 1251167185?
5, 250233437
List the prime factors of 21690557.
7, 479, 6469
What are the prime factors of 1641966581?
1373, 1195897
What are the prime factors of 110218504?
2, 11, 1252483
List the prime factors of 369675656.
2, 7, 1087, 6073
List the prime factors of 3050451258.
2, 3, 20483, 24821
What are the prime factors of 7142106391?
7, 12917, 78989
What are the prime factors of 527654635?
5, 163, 647429
List the prime factors of 27498763.
3469, 7927
What are the prime factors of 491295110?
2, 5, 73, 151, 4457
List the prime factors of 451603096.
2, 7, 17, 19, 24967
What are the prime factors of 914949311?
914949311
List the prime factors of 58845630.
2, 3, 5, 101, 19421
What are the prime factors of 2229178187?
107, 20833441
List the prime factors of 3489928069.
23, 151736003
What are the prime factors of 17678725?
5, 17, 41597
What are the prime factors of 5532646587?
3, 13, 141862733
List the prime factors of 109585454.
2, 11, 4981157
What are the prime factors of 1530658258?
2, 765329129
List the prime factors of 269430520.
2, 5, 6735763
List the prime factors of 25359763.
11, 13, 37, 4793
List the prime factors of 67138328.
2, 8392291
List the prime factors of 38439703.
17, 29, 103, 757
What are the prime factors of 1348848193?
7, 11, 479, 36571
List the prime factors of 712204273.
11, 17, 3808579
What are the prime factors of 3944161419?
3, 11, 41, 2915123
List the prime factors of 54688747.
54688747
What are the prime factors of 179115463?
71, 2522753
List the prime factors of 4663350753.
3, 61, 25482791
What are the prime factors of 4894967278?
2, 2447483639
What are the prime factors of 339455872?
2, 7, 439, 863
List the